 - d. Is w a prime number?
False
Let f = 77 + 114. Suppose 0*r - 601 = -5*u + 3*r, -4*u + 2*r + 482 = 0. Let s = f - u. Is s composite?
True
Let g = -1017091 + 1500790. Is g composite?
True
Let q = 252 + -387. Let p be 7*-5*189/q. Suppose 2*h = 3*r - 0*r + p, 4*h = 2*r + 94. Is h a composite number?
False
Suppose 5*a - 2755308 = -3*l - 576956, -3630593 = -5*l - 2*a. Is l a prime number?
False
Suppose 20 = i + 17. Suppose 3*s - 6 = 0, 0 = i*d + 5*s - 6379 - 2073. Suppose 4*c - d = -2*u, 2*u - 1169 = -c + 1633. Is u a prime number?
True
Let k be 3*44/36*36. Suppose -454 = -2*g - k. Let s = g - 46. Is s prime?
False
Suppose 8*d + 8*d = 17*d - 7829. Is d prime?
True
Suppose -2*x + 7419 = -5*u, u + 1343 + 154 = -4*x. Let h = u + 2571. Let v = h - 529. Is v composite?
False
Suppose 5*u - 2*u + 151 = -4*f, u + 51 = -f. Let d = u - -412. Is 6/(-8) + d/4 a prime number?
True
Let l be 4 + 8/(-6) + (-20)/(-15). Let f be 3 - -1 - (-4 - (l - 8645)). Let d = -5736 - f. Is d a composite number?
False
Suppose 7*w - 1881 = 8*w. Let c = 4600 + w. Is c prime?
True
Let c(m) = -m**3 - 13*m**2 - 7*m - 24. Let w be c(-14). Suppose 0*i - w = -9*i. Suppose -d + i + 32 = 0. Is d composite?
True
Let u(n) be the first derivative of 10*n**3/3 - 19*n**2/2 - 3*n + 33. Is u(-6) composite?
True
Suppose 3*m - 5*s + 294003 = 10840, 4*s + 8 = 0. Is m/(-22) - 2 - (-1)/2 a composite number?
False
Let y(p) = -p + 1. Let v(l) = 273*l - 18. Let r(a) = v(a) + 9*y(a). Let n = 1615 - 1605. Is r(n) composite?
True
Let c(s) = -s**3 + 15*s**2 + 18*s - 34. Suppose -2*l - 5*x + 0 + 7 = 0, 5*l + 2*x - 70 = 0. Let v be c(l). Is (68/(-12) + 6)/(v/(-4434)) prime?
True
Suppose 15*j = -2218 + 2233. Let m(b) = -2*b - 1 + 6771*b**2 - 2*b + 3. Is m(j) composite?
True
Suppose 12 = 3*b + 3. Suppose 6*t = 3*t - b. Is 4 - (t/1 - 302) prime?
True
Let f = 1 + 19. Suppose -81571 = -5*o + 3*x, o - 15*x + f*x - 16303 = 0. Is o composite?
True
Is (4158412/12)/(((-10)/80)/((-12)/32)) a prime number?
True
Let i = -65375 - -149020. Is i a composite number?
True
Let t(b) = 2255*b**2 + 34*b + 44. Is t(-5) a prime number?
True
Suppose k = -2, -20*t + 245134 = -18*t - 4*k. Is t a composite number?
True
Let f = 2709603 + -1867234. Is f prime?
False
Suppose -61*v + 2132526 + 1566575 = 0. Is v prime?
False
Suppose 5*z - 7*z = 4*t - 4114, 5*t = 3*z + 5159. Suppose 4*w = w + 15. Suppose 2*f = -4*c + t, 2617 = w*f - 0*f - 4*c. Is f prime?
True
Let l(y) = y**2 - 13*y - 12. Let p be l(14). Suppose 0 = -p*c + 78 - 190. Is (-4466)/c*1/(2/8) a composite number?
True
Suppose -51*z + 65*z = -100072. Let a = z + 10069. Is a a composite number?
True
Let n(k) = 95*k**2 + 105*k - 39. Let l(z) = -47*z**2 - 52*z + 20. Let h(m) = -13*l(m) - 6*n(m). Is h(-15) a prime number?
False
Suppose s - 60 = 7*s. Let j(k) be the third derivative of -k**6/60 - k**5/4 - 5*k**4/24 + 7*k**3/6 + 6*k**2. Is j(s) composite?
False
Suppose 2*b + 90 = -4*u, b - 19 = u - 4. Let h = -17 - u. Suppose h*a - 3112 - 1729 = -4*d, -3*a = d - 1208. Is d composite?
True
Let l(j) be the second derivative of 3*j**5/2 - j**3/3 + 4*j. Let s be l(2). Suppose -77 = r - s. Is r composite?
True
Suppose -4*p = -2*p, p = -2*m + 12. Suppose -20*i - 29*i = -392. Is 4302/27 - i/m a prime number?
False
Let b = 54 - 119. Let k(p) = -10*p**2 - p - 6. Let v be k(-4). Let s = b - v. Is s a prime number?
True
Suppose 15 = 4*h - 9. Let b(m) = -m**3 + 5*m**2 + 6*m + 2. Let o be b(h). Is 885/o - (3 - -1)/(-8) prime?
True
Suppose -29294 = -2*u - x + 68210, -97494 = -2*u + 4*x. Is u a composite number?
False
Let p(f) = 461836*f - 1221. Is p(2) prime?
True
Suppose 294036 + 212673 = 2*y + 5*b, -506739 = -2*y + b. Is y a composite number?
False
Let m(n) be the third derivative of -37*n**5/60 + n**4/24 - 2*n**3 - 7*n**2. Let s(r) be the first derivative of m(r). Is s(-14) prime?
False
Let p(j) = 136*j + 4635. Is p(116) prime?
True
Suppose -3*v + v - 98 = -2*z, 2*v - 3*z = -95. Let f = v - -3839. Is f prime?
False
Suppose -4*o - 668 = 1004. Let s = o - -725. Is s prime?
True
Let i be -11 + 13 + (-2 - (2 + 5)). Let y(x) = -29*x**2 - 3*x + 15. Let r(t) = 14*t**2 + t - 8. Let l(n) = i*r(n) - 4*y(n). Is l(-9) a prime number?
True
Suppose 0 = -5*g - 4359 - 791. Let t = 4979 + g. Is t composite?
True
Let u be ((-307)/(-1) + 0)/(2/(-32)). Let i = u + 8489. Suppose -912 = 5*o - i. Is o composite?
True
Suppose 7047 = 2*i + 1933. Suppose -5*n + 4*r = 4972, -5*n + 3*n - 5*r = 2002. Let d = n + i. Is d a composite number?
True
Is -1796*(3 + (-297)/110)*2930/(-12) prime?
False
Is ((-1596425)/7)/(-1) + 520/56 + -9 a prime number?
True
Let g = 15 - 11. Let u(i) = 4*i**2 + 45*i + 15. Let z be u(-17). Suppose -g*r + z = -3*r + v, 5*r = v + 2012. Is r a composite number?
True
Let h = 116746 + 261295. Is h a composite number?
False
Let x = 41 + 3. Suppose -5*t - 3*j = 19 + 10, -5*j = -2*t + 7. Is (t/(-11))/(-2) + 21436/x a composite number?
False
Suppose -1354852 = -4*i - 5*k, 3*k - 6*k = 4*i - 1354852. Is i a composite number?
True
Suppose -2*x + 581198 = 4*k, 4*x - 565950 - 596407 = 5*k. Is x composite?
False
Suppose -31*c + 2027157 = 2*c. Is c a prime number?
False
Let p = -713 - -715. Is p + -8 + 3 - (-9267 - -25) a prime number?
True
Let q(d) = 41663*d + 174. Is q(5) prime?
True
Let h(r) = -2*r - 2 - r**3 - 5*r - 3 - 4*r**2 - 4*r**2. Let p be h(-7). Is (0 - -1)/(p/(-1535)) a prime number?
True
Let g = -64 - -93. Let s = -25 + g. Suppose -b - 1274 = -j - 6*b, s*j - 5184 = 2*b. Is j a composite number?
True
Let n(o) = 2325*o + 4. Let u = 101 - 98. Let a be n(u). Suppose -4*b + a = 5*c, 2*b + 2*c - 1925 = 1567. Is b a composite number?
True
Let n(i) = 871*i**3 + 9*i**2 - 27*i + 7. Is n(4) a composite number?
False
Let l = 1334 + -826. Suppose -2*v - 40 = -5*g + v, -4*g + 2*v = -30. Suppose j - g*j = -l. Is j composite?
False
Suppose 8*c + 3*c + 88 = 0. Let z(i) = 17*i**2 + 5*i - 14. Let y be z(c). Let p = y - 655. Is p a composite number?
False
Suppose 0 = 187*i - 160*i - 19305. Let s(o) = o**3 + 6*o**2 - 7*o + 9. Let r be s(-7). Suppose 4*x + i = r*x. Is x a composite number?
True
Suppose 18*o - 7*o = 22. Let a(k) = 11*k + 112*k**3 - 3*k - 1 - k**2 - 6*k - 2*k**o. Is a(2) composite?
False
Suppose -3*x - 3 = -18. Is 13518/2 - (3 - x) composite?
False
Let p(l) = 3*l**2 - 4*l - 2. Let v be p(2). Suppose 0 = -v*w + 7*w - 126685. Is w prime?
False
Let d = 44644 - 4985. Is d composite?
False
Suppose -14 = -8*x + 18. Let u be (-1 - x/(-10)) + 858/(-195). Is 1942 + 15/3 + u a prime number?
False
Let s(i) be the second derivative of -3*i**5/10 + i**4/12 - 5*i**3/6 + 5*i**2/2 - 2*i. Suppose 0 = 3*j - 2*z + 15, j + 3*z - 9 = -z. Is s(j) a composite number?
False
Is (-286)/(-110) + 39324/10 a composite number?
True
Suppose -39929*n + 39946*n - 2276623 = 0. Is n a prime number?
True
Let b be (60/(-8))/(-5)*6. Suppose -5020 = -b*k + 4*k. Suppose 5*q - 4*m - 650 = 605, 4*q - 2*m - k = 0. Is q composite?
False
Let v(a) = -2668*a**3 - 7*a + 4. Let c be v(2). Let f = 6241 - c. Is f composite?
True
Let v(b) = b**3 + 11*b**2 - 24*b + 25. Let z be v(-13). Let a be (-20)/(-4)*z - -8. Suppose 2*s = 5*o + 6119 + 2740, 5*o = a*s - 13276. Is s composite?
True
Let l(w) = -w**2 - 11*w + 24. Let b be l(-13). Let a(z) = 3*z**2 + 3*z - 1. Let c be a(b). Suppose -c*q + 130 = -5*x, -5*q - 68 = x - 228. Is q a prime number?
True
Let q be 24/8*(1 + 0 + 2). Suppose 0 = -q*f - 1 + 10. Is (f/4)/(5/781340*7) a prime number?
True
Suppose -61*o + 32191548 = 12*o - 35369587. Is o a prime number?
False
Suppose 2*j = 9*j - 84. Suppose j*p = 16*p + 76. Let a(d) = -d**3 - 15*d**2 + 12*d - 3. Is a(p) composite?
False
Suppose 2*p + 3*f + 2351 = 0, -p = p + 4*f + 2348. Suppose 36*b - 39*b + 5973 = 0. Let x = b + p. Is x composite?
False
Suppose 0*g - 9*g + 6372 = 0. Let y = g + 8952. Suppose -19272 - y = -12*n. Is n prime?
True
Is (-2)/((-2 - 1) + 2 + (-18585)/(-18595)) a composite number?
False
Suppose -2*n = 2*t + 3452, -2*n - 8*t + 7*t - 3456 = 0. Is 106/5*(-13)/(52/n) a composite number?
True
Suppose -w = -5*x + 79167, -2*x + 7*x = 2*w + 79169. Suppose -3*g = -668 + 25916. Let q = x + g. Is q composite?
False
Let n(z) = z**2 + 30*z - 254. Let q be n(-37). Suppose q*u = -5*v + 131332 - 4852, -2*u + 126495 = 5*v. Is v composite?
False
Is 1*(-1742323)/((